{"id":363,"date":"2024-04-29T02:51:02","date_gmt":"2024-04-29T00:51:02","guid":{"rendered":"https:\/\/mam.lesrazmockets.fr\/?page_id=363"},"modified":"2024-04-29T02:51:02","modified_gmt":"2024-04-29T00:51:02","slug":"lactualite-de-la-mam","status":"publish","type":"page","link":"https:\/\/mam.lesrazmockets.fr\/index.php\/lactualite-de-la-mam\/","title":{"rendered":"L&rsquo;Actualit\u00e9 de la MAM"},"content":{"rendered":"<ul class=\"wp-block-latest-posts__list wp-block-latest-posts\"><li><a class=\"wp-block-latest-posts__post-title\" href=\"https:\/\/mam.lesrazmockets.fr\/index.php\/2024\/03\/19\/blog\/atelier-psychomotricite\/\">Atelier Psychomotricit\u00e9<\/a><div class=\"wp-block-latest-posts__post-excerpt\">Premier atelier de psychomotricit\u00e9 avec Pauline Lagier sous le th\u00e8me du Carnaval.Les petits se sont r\u00e9gal\u00e9s. Marcher, sauter, monter, descendre, rouler, sur une poutre, au sol, dans un tunnel, dans une piscine \u00e0 boules&#8230; Tout est bon pour d\u00e9velopper sa motricit\u00e9 ! Pour en savoir un peu plus : La psychomotricit\u00e9 est une discipline qui\u2026 <a class=\"wp-block-latest-posts__read-more\" href=\"https:\/\/mam.lesrazmockets.fr\/index.php\/2024\/03\/19\/blog\/atelier-psychomotricite\/\" rel=\"noopener noreferrer\">Lire la suite<span class=\"screen-reader-text\">\u00a0: Atelier Psychomotricit\u00e9<\/span><\/a><\/div><\/li>\n<li><a class=\"wp-block-latest-posts__post-title\" href=\"https:\/\/mam.lesrazmockets.fr\/index.php\/2024\/02\/11\/blog\/ouverture-ce-26-02\/\">Ouverture ce 26\/02 !<\/a><div class=\"wp-block-latest-posts__post-excerpt\">Nous sommes ravis de vous annoncer que notre Maison d&rsquo;Assistantes Maternelles ouvrira ses portes le 26 f\u00e9vrier 2024 !<\/div><\/li>\n<li><a class=\"wp-block-latest-posts__post-title\" href=\"https:\/\/mam.lesrazmockets.fr\/index.php\/2024\/02\/09\/blog\/bonjour-tout-le-monde\/\">Bonjour tout le monde\u00a0!<\/a><div class=\"wp-block-latest-posts__post-excerpt\">Bienvenue sur le site de la MAM Les Razmockets \u00e0 Fleury-d&rsquo;Aude Impasse Jean JAURES 11560 Fleury-d&rsquo;Aude Date de cr\u00e9ation : 10\/03\/2023 RNA : W113008603<\/div><\/li>\n<\/ul>","protected":false},"excerpt":{"rendered":"","protected":false},"author":7,"featured_media":0,"parent":0,"menu_order":0,"comment_status":"closed","ping_status":"closed","template":"","meta":{"footnotes":""},"class_list":["post-363","page","type-page","status-publish","hentry"],"yoast_head":"<!-- This site is optimized with the Yoast SEO plugin v27.4 - https:\/\/yoast.com\/product\/yoast-seo-wordpress\/ -->\n<title>L&#039;Actualit\u00e9 de la MAM - MAM Les Razmockets<\/title>\n<meta name=\"description\" content=\"MAM Les Razmockets - L&#039;Actualit\u00e9 de la MAM -\" \/>\n<meta name=\"robots\" content=\"index, follow, max-snippet:-1, max-image-preview:large, max-video-preview:-1\" \/>\n<link rel=\"canonical\" href=\"https:\/\/mam.lesrazmockets.fr\/index.php\/lactualite-de-la-mam\/\" \/>\n<meta property=\"og:locale\" content=\"fr_FR\" \/>\n<meta property=\"og:type\" content=\"article\" \/>\n<meta property=\"og:title\" content=\"L&#039;Actualit\u00e9 de la MAM - MAM Les Razmockets\" \/>\n<meta property=\"og:description\" content=\"MAM Les Razmockets - L&#039;Actualit\u00e9 de la MAM -\" \/>\n<meta property=\"og:url\" content=\"https:\/\/mam.lesrazmockets.fr\/index.php\/lactualite-de-la-mam\/\" \/>\n<meta property=\"og:site_name\" content=\"MAM Les Razmockets\" \/>\n<meta property=\"article:publisher\" content=\"https:\/\/www.facebook.com\/mamlesrazmockets\" \/>\n<meta property=\"og:image\" content=\"https:\/\/mam.lesrazmockets.fr\/wp-content\/uploads\/2024\/02\/cropped-LOGO-RAZMOCKETS-1-edited.jpg\" \/>\n\t<meta property=\"og:image:width\" content=\"512\" \/>\n\t<meta property=\"og:image:height\" content=\"341\" \/>\n\t<meta property=\"og:image:type\" content=\"image\/jpeg\" \/>\n<meta name=\"twitter:card\" content=\"summary_large_image\" \/>\n<script type=\"application\/ld+json\" class=\"yoast-schema-graph\">{\"@context\":\"https:\\\/\\\/schema.org\",\"@graph\":[{\"@type\":\"WebPage\",\"@id\":\"https:\\\/\\\/mam.lesrazmockets.fr\\\/index.php\\\/lactualite-de-la-mam\\\/\",\"url\":\"https:\\\/\\\/mam.lesrazmockets.fr\\\/index.php\\\/lactualite-de-la-mam\\\/\",\"name\":\"L'Actualit\u00e9 de la MAM - MAM Les Razmockets\",\"isPartOf\":{\"@id\":\"https:\\\/\\\/mam.lesrazmockets.fr\\\/#website\"},\"datePublished\":\"2024-04-29T00:51:02+00:00\",\"description\":\"MAM Les Razmockets - L'Actualit\u00e9 de la MAM -\",\"breadcrumb\":{\"@id\":\"https:\\\/\\\/mam.lesrazmockets.fr\\\/index.php\\\/lactualite-de-la-mam\\\/#breadcrumb\"},\"inLanguage\":\"fr-FR\",\"potentialAction\":[{\"@type\":\"ReadAction\",\"target\":[\"https:\\\/\\\/mam.lesrazmockets.fr\\\/index.php\\\/lactualite-de-la-mam\\\/\"]}]},{\"@type\":\"BreadcrumbList\",\"@id\":\"https:\\\/\\\/mam.lesrazmockets.fr\\\/index.php\\\/lactualite-de-la-mam\\\/#breadcrumb\",\"itemListElement\":[{\"@type\":\"ListItem\",\"position\":1,\"name\":\"Accueil\",\"item\":\"https:\\\/\\\/mam.lesrazmockets.fr\\\/\"},{\"@type\":\"ListItem\",\"position\":2,\"name\":\"L&rsquo;Actualit\u00e9 de la MAM\"}]},{\"@type\":\"WebSite\",\"@id\":\"https:\\\/\\\/mam.lesrazmockets.fr\\\/#website\",\"url\":\"https:\\\/\\\/mam.lesrazmockets.fr\\\/\",\"name\":\"MAM Les Razmockets\",\"description\":\"Faites garder vos enfants dans un lieu de vie, un espace socialisant, s\u00e9curisant et bienveillant, adapt\u00e9 \u00e0 100% aux enfants\",\"publisher\":{\"@id\":\"https:\\\/\\\/mam.lesrazmockets.fr\\\/#organization\"},\"alternateName\":\"garde enfant Fleury\",\"potentialAction\":[{\"@type\":\"SearchAction\",\"target\":{\"@type\":\"EntryPoint\",\"urlTemplate\":\"https:\\\/\\\/mam.lesrazmockets.fr\\\/?s={search_term_string}\"},\"query-input\":{\"@type\":\"PropertyValueSpecification\",\"valueRequired\":true,\"valueName\":\"search_term_string\"}}],\"inLanguage\":\"fr-FR\"},{\"@type\":\"Organization\",\"@id\":\"https:\\\/\\\/mam.lesrazmockets.fr\\\/#organization\",\"name\":\"MAM Les Razmockets\",\"alternateName\":\"Les Razmockets Fleury\",\"url\":\"https:\\\/\\\/mam.lesrazmockets.fr\\\/\",\"logo\":{\"@type\":\"ImageObject\",\"inLanguage\":\"fr-FR\",\"@id\":\"https:\\\/\\\/mam.lesrazmockets.fr\\\/#\\\/schema\\\/logo\\\/image\\\/\",\"url\":\"https:\\\/\\\/mam.lesrazmockets.fr\\\/wp-content\\\/uploads\\\/2024\\\/02\\\/LOGO-RAZMOCKETS-1.jpg\",\"contentUrl\":\"https:\\\/\\\/mam.lesrazmockets.fr\\\/wp-content\\\/uploads\\\/2024\\\/02\\\/LOGO-RAZMOCKETS-1.jpg\",\"width\":960,\"height\":959,\"caption\":\"MAM Les Razmockets\"},\"image\":{\"@id\":\"https:\\\/\\\/mam.lesrazmockets.fr\\\/#\\\/schema\\\/logo\\\/image\\\/\"},\"sameAs\":[\"https:\\\/\\\/www.facebook.com\\\/mamlesrazmockets\",\"https:\\\/\\\/www.instagram.com\\\/mamlesrazmockets\",\"https:\\\/\\\/www.pinterest.fr\\\/LesRazmockets11560\\\/\"]}]}<\/script>\n<!-- \/ Yoast SEO plugin. -->","yoast_head_json":{"title":"L'Actualit\u00e9 de la MAM - MAM Les Razmockets","description":"MAM Les Razmockets - L'Actualit\u00e9 de la MAM -","robots":{"index":"index","follow":"follow","max-snippet":"max-snippet:-1","max-image-preview":"max-image-preview:large","max-video-preview":"max-video-preview:-1"},"canonical":"https:\/\/mam.lesrazmockets.fr\/index.php\/lactualite-de-la-mam\/","og_locale":"fr_FR","og_type":"article","og_title":"L'Actualit\u00e9 de la MAM - MAM Les Razmockets","og_description":"MAM Les Razmockets - L'Actualit\u00e9 de la MAM -","og_url":"https:\/\/mam.lesrazmockets.fr\/index.php\/lactualite-de-la-mam\/","og_site_name":"MAM Les Razmockets","article_publisher":"https:\/\/www.facebook.com\/mamlesrazmockets","og_image":[{"width":512,"height":341,"url":"https:\/\/mam.lesrazmockets.fr\/wp-content\/uploads\/2024\/02\/cropped-LOGO-RAZMOCKETS-1-edited.jpg","type":"image\/jpeg"}],"twitter_card":"summary_large_image","schema":{"@context":"https:\/\/schema.org","@graph":[{"@type":"WebPage","@id":"https:\/\/mam.lesrazmockets.fr\/index.php\/lactualite-de-la-mam\/","url":"https:\/\/mam.lesrazmockets.fr\/index.php\/lactualite-de-la-mam\/","name":"L'Actualit\u00e9 de la MAM - MAM Les Razmockets","isPartOf":{"@id":"https:\/\/mam.lesrazmockets.fr\/#website"},"datePublished":"2024-04-29T00:51:02+00:00","description":"MAM Les Razmockets - L'Actualit\u00e9 de la MAM -","breadcrumb":{"@id":"https:\/\/mam.lesrazmockets.fr\/index.php\/lactualite-de-la-mam\/#breadcrumb"},"inLanguage":"fr-FR","potentialAction":[{"@type":"ReadAction","target":["https:\/\/mam.lesrazmockets.fr\/index.php\/lactualite-de-la-mam\/"]}]},{"@type":"BreadcrumbList","@id":"https:\/\/mam.lesrazmockets.fr\/index.php\/lactualite-de-la-mam\/#breadcrumb","itemListElement":[{"@type":"ListItem","position":1,"name":"Accueil","item":"https:\/\/mam.lesrazmockets.fr\/"},{"@type":"ListItem","position":2,"name":"L&rsquo;Actualit\u00e9 de la MAM"}]},{"@type":"WebSite","@id":"https:\/\/mam.lesrazmockets.fr\/#website","url":"https:\/\/mam.lesrazmockets.fr\/","name":"MAM Les Razmockets","description":"Faites garder vos enfants dans un lieu de vie, un espace socialisant, s\u00e9curisant et bienveillant, adapt\u00e9 \u00e0 100% aux enfants","publisher":{"@id":"https:\/\/mam.lesrazmockets.fr\/#organization"},"alternateName":"garde enfant Fleury","potentialAction":[{"@type":"SearchAction","target":{"@type":"EntryPoint","urlTemplate":"https:\/\/mam.lesrazmockets.fr\/?s={search_term_string}"},"query-input":{"@type":"PropertyValueSpecification","valueRequired":true,"valueName":"search_term_string"}}],"inLanguage":"fr-FR"},{"@type":"Organization","@id":"https:\/\/mam.lesrazmockets.fr\/#organization","name":"MAM Les Razmockets","alternateName":"Les Razmockets Fleury","url":"https:\/\/mam.lesrazmockets.fr\/","logo":{"@type":"ImageObject","inLanguage":"fr-FR","@id":"https:\/\/mam.lesrazmockets.fr\/#\/schema\/logo\/image\/","url":"https:\/\/mam.lesrazmockets.fr\/wp-content\/uploads\/2024\/02\/LOGO-RAZMOCKETS-1.jpg","contentUrl":"https:\/\/mam.lesrazmockets.fr\/wp-content\/uploads\/2024\/02\/LOGO-RAZMOCKETS-1.jpg","width":960,"height":959,"caption":"MAM Les Razmockets"},"image":{"@id":"https:\/\/mam.lesrazmockets.fr\/#\/schema\/logo\/image\/"},"sameAs":["https:\/\/www.facebook.com\/mamlesrazmockets","https:\/\/www.instagram.com\/mamlesrazmockets","https:\/\/www.pinterest.fr\/LesRazmockets11560\/"]}]}},"_links":{"self":[{"href":"https:\/\/mam.lesrazmockets.fr\/index.php\/wp-json\/wp\/v2\/pages\/363","targetHints":{"allow":["GET"]}}],"collection":[{"href":"https:\/\/mam.lesrazmockets.fr\/index.php\/wp-json\/wp\/v2\/pages"}],"about":[{"href":"https:\/\/mam.lesrazmockets.fr\/index.php\/wp-json\/wp\/v2\/types\/page"}],"author":[{"embeddable":true,"href":"https:\/\/mam.lesrazmockets.fr\/index.php\/wp-json\/wp\/v2\/users\/7"}],"replies":[{"embeddable":true,"href":"https:\/\/mam.lesrazmockets.fr\/index.php\/wp-json\/wp\/v2\/comments?post=363"}],"version-history":[{"count":1,"href":"https:\/\/mam.lesrazmockets.fr\/index.php\/wp-json\/wp\/v2\/pages\/363\/revisions"}],"predecessor-version":[{"id":366,"href":"https:\/\/mam.lesrazmockets.fr\/index.php\/wp-json\/wp\/v2\/pages\/363\/revisions\/366"}],"wp:attachment":[{"href":"https:\/\/mam.lesrazmockets.fr\/index.php\/wp-json\/wp\/v2\/media?parent=363"}],"curies":[{"name":"wp","href":"https:\/\/api.w.org\/{rel}","templated":true}]}}

L&rsquo;Actualité de la MAM

<ul class="wp-block-latest-posts__list wp-block-latest-posts"><li><a class="wp-block-latest-posts__post-title" href="https://mam.lesrazmockets.fr/index.php/2024/03/19/blog/atelier-psychomotricite/">Atelier Psychomotricité</a><div class="wp-block-latest-posts__post-excerpt">Premier atelier de psychomotricité avec Pauline Lagier sous le thème du Carnaval.Les petits se sont régalés. Marcher, sauter, monter, descendre, rouler, sur une poutre, au sol, dans un tunnel, dans une piscine à boules&#8230; Tout est bon pour développer sa motricité ! Pour en savoir un peu plus : La psychomotricité est une discipline qui… <a class="wp-block-latest-posts__read-more" href="https://mam.lesrazmockets.fr/index.php/2024/03/19/blog/atelier-psychomotricite/" rel="noopener noreferrer">Lire la suite<span class="screen-reader-text"> : Atelier Psychomotricité</span></a></div></li>
<li><a class="wp-block-latest-posts__post-title" href="https://mam.lesrazmockets.fr/index.php/2024/02/11/blog/ouverture-ce-26-02/">Ouverture ce 26/02 !</a><div class="wp-block-latest-posts__post-excerpt">Nous sommes ravis de vous annoncer que notre Maison d&rsquo;Assistantes Maternelles ouvrira ses portes le 26 février 2024 !</div></li>
<li><a class="wp-block-latest-posts__post-title" href="https://mam.lesrazmockets.fr/index.php/2024/02/09/blog/bonjour-tout-le-monde/">Bonjour tout le monde !</a><div class="wp-block-latest-posts__post-excerpt">Bienvenue sur le site de la MAM Les Razmockets à Fleury-d&rsquo;Aude Impasse Jean JAURES 11560 Fleury-d&rsquo;Aude Date de création : 10/03/2023 RNA : W113008603</div></li>
</ul>

<!-- This site is optimized with the Yoast SEO plugin v27.4 - https://yoast.com/product/yoast-seo-wordpress/ -->
<title>L&#039;Actualité de la MAM - MAM Les Razmockets</title>
<meta name="description" content="MAM Les Razmockets - L&#039;Actualité de la MAM -" />
<meta name="robots" content="index, follow, max-snippet:-1, max-image-preview:large, max-video-preview:-1" />
<link rel="canonical" href="https://mam.lesrazmockets.fr/index.php/lactualite-de-la-mam/" />
<meta property="og:locale" content="fr_FR" />
<meta property="og:type" content="article" />
<meta property="og:title" content="L&#039;Actualité de la MAM - MAM Les Razmockets" />
<meta property="og:description" content="MAM Les Razmockets - L&#039;Actualité de la MAM -" />
<meta property="og:url" content="https://mam.lesrazmockets.fr/index.php/lactualite-de-la-mam/" />
<meta property="og:site_name" content="MAM Les Razmockets" />
<meta property="article:publisher" content="https://www.facebook.com/mamlesrazmockets" />
<meta property="og:image" content="https://mam.lesrazmockets.fr/wp-content/uploads/2024/02/cropped-LOGO-RAZMOCKETS-1-edited.jpg" />
	<meta property="og:image:width" content="512" />
	<meta property="og:image:height" content="341" />
	<meta property="og:image:type" content="image/jpeg" />
<meta name="twitter:card" content="summary_large_image" />
<script type="application/ld+json" class="yoast-schema-graph">{"@context":"https:\/\/schema.org","@graph":[{"@type":"WebPage","@id":"https:\/\/mam.lesrazmockets.fr\/index.php\/lactualite-de-la-mam\/","url":"https:\/\/mam.lesrazmockets.fr\/index.php\/lactualite-de-la-mam\/","name":"L'Actualité de la MAM - MAM Les Razmockets","isPartOf":{"@id":"https:\/\/mam.lesrazmockets.fr\/#website"},"datePublished":"2024-04-29T00:51:02+00:00","description":"MAM Les Razmockets - L'Actualité de la MAM -","breadcrumb":{"@id":"https:\/\/mam.lesrazmockets.fr\/index.php\/lactualite-de-la-mam\/#breadcrumb"},"inLanguage":"fr-FR","potentialAction":[{"@type":"ReadAction","target":["https:\/\/mam.lesrazmockets.fr\/index.php\/lactualite-de-la-mam\/"]}]},{"@type":"BreadcrumbList","@id":"https:\/\/mam.lesrazmockets.fr\/index.php\/lactualite-de-la-mam\/#breadcrumb","itemListElement":[{"@type":"ListItem","position":1,"name":"Accueil","item":"https:\/\/mam.lesrazmockets.fr\/"},{"@type":"ListItem","position":2,"name":"L&rsquo;Actualité de la MAM"}]},{"@type":"WebSite","@id":"https:\/\/mam.lesrazmockets.fr\/#website","url":"https:\/\/mam.lesrazmockets.fr\/","name":"MAM Les Razmockets","description":"Faites garder vos enfants dans un lieu de vie, un espace socialisant, sécurisant et bienveillant, adapté à 100% aux enfants","publisher":{"@id":"https:\/\/mam.lesrazmockets.fr\/#organization"},"alternateName":"garde enfant Fleury","potentialAction":[{"@type":"SearchAction","target":{"@type":"EntryPoint","urlTemplate":"https:\/\/mam.lesrazmockets.fr\/?s={search_term_string}"},"query-input":{"@type":"PropertyValueSpecification","valueRequired":true,"valueName":"search_term_string"}}],"inLanguage":"fr-FR"},{"@type":"Organization","@id":"https:\/\/mam.lesrazmockets.fr\/#organization","name":"MAM Les Razmockets","alternateName":"Les Razmockets Fleury","url":"https:\/\/mam.lesrazmockets.fr\/","logo":{"@type":"ImageObject","inLanguage":"fr-FR","@id":"https:\/\/mam.lesrazmockets.fr\/#\/schema\/logo\/image\/","url":"https:\/\/mam.lesrazmockets.fr\/wp-content\/uploads\/2024\/02\/LOGO-RAZMOCKETS-1.jpg","contentUrl":"https:\/\/mam.lesrazmockets.fr\/wp-content\/uploads\/2024\/02\/LOGO-RAZMOCKETS-1.jpg","width":960,"height":959,"caption":"MAM Les Razmockets"},"image":{"@id":"https:\/\/mam.lesrazmockets.fr\/#\/schema\/logo\/image\/"},"sameAs":["https:\/\/www.facebook.com\/mamlesrazmockets","https:\/\/www.instagram.com\/mamlesrazmockets","https:\/\/www.pinterest.fr\/LesRazmockets11560\/"]}]}</script>
<!-- / Yoast SEO plugin. -->

L'Actualité de la MAM - MAM Les Razmockets

MAM Les Razmockets - L'Actualité de la MAM -

Faites garder vos enfants dans un lieu de vie, un espace socialisant, sécurisant et bienveillant, adapté à 100% aux enfants
